
3
Let i(h) = h**2 - 5 + 2*h + 20 - 1 + 10*h**3 - 13. Suppose 0 = -4*n - 3*w + 2, -w + 3 = -5*n - 2*w. Give i(n).
-10
Let d(s) = s**3 + 7*s**2 + 4*s - 6. Suppose 5*j + 3*c - 7 = -37, -3*j = -4*c + 18. Give d(j).
6
Let z(u) be the second derivative of -u**6/360 - u**5/120 - u**4/6 + 5*u. Let g(v) be the third derivative of z(v). Determine g(5).
-11
Suppose -2*h + 24 = 2*h. Let d(a) = 9*a - 10*a - h - 2. Let p be 1/(-1) - 3/1. What is d(p)?
-4
Let l(m) = -3*m**2 + 1 + 5*m + 2*m**2 - 2*m. Let f be (-69)/(-3) + (-24)/(-6). Let r = -22 + f. Give l(r).
-9
Let k(r) = -2*r - 3. Let u = -6 - -10. Suppose u*c = c + 9. Calculate k(c).
-9
Let g(k) be the third derivative of 0*k + 6*k**2 + 0*k**3 - 1/12*k**4 + 0. Determine g(-1).
2
Let d be (-1)/(0 - (-2)/(-2)). Suppose f - d = -2*f + 2*l, 4*f - l = -7. Let x(q) = -3 + 2 - 4*q - 3 - q**2. Calculate x(f).
-1
Suppose -n - 1 = v, 2*n + 2 = -4*v - n. Suppose -3*o = -2*o - v. Let m(j) be the second derivative of j**4/4 - j**3/3 + j**2/2 + 2*j. Calculate m(o).
2
Suppose -2*y + 5 = -y. Let p(g) = 5*g**2 + 5*g + 1. Let w(o) = o**2. Let t(z) = -p(z) + 6*w(z). Let a be t(y). Let r(d) = -4*d + 1. What is r(a)?
5
Suppose 3*h + 11 = b - h, h = -4. Let q(w) be the third derivative of w**5/60 + 5*w**4/24 + w**3/6 - w**2. Calculate q(b).
1
Suppose 2*d + 3 = 3*d. Let w(h) = -4*h + 8. Let j(m) = 3*m - 7. Let c(l) = 5*j(l) + 4*w(l). Let a(p) = -p. Let t(g) = -2*a(g) + c(g). Determine t(d).
0
Let m(r) be the third derivative of -r**5/30 - 5*r**4/24 - r**3/3 - r**2. Let v be ((-4)/7)/((-13)/91) + -7. What is m(v)?
-5
Let m(j) = j**3 - 2*j**2 - j + 3. Let l(t) = t**2 - 3*t - 7. Let z(u) = -2*u - 5. Let v be z(-5). Let q be l(v). Determine m(q).
9
Let d be 8/60*-6*-5. Suppose -d = 2*n - 3*n. Let j(l) be the third derivative of l**4/24 + l**3/3 + l**2. Give j(n).
6
Let k(w) = 3*w**2 + 21*w - 4. Let f be k(-7). Let z(n) = -n**2 - 4*n + 1. Give z(f).
1
Suppose -4*b + 2 = -3*b. Let x(k) = 10*k**3 - 2*k + 2*k**b - 5*k**3 + 4 - 6*k**3 - 7*k**2. Suppose -16 = 4*m - 2*f, -4*m + 0*f - f = 16. What is x(m)?
-4
Let p(u) be the second derivative of 0 - 1/6*u**3 + u + u**2. Calculate p(-2).
4
Let r(k) = k**2 - 3*k - 3. Let d be 0 + -9*(-10)/(-3). Let x be (-44)/(-10) - 18/d. Determine r(x).
7
Let f(u) = -u**2 + 5*u - 5. Let c(i) = 2*i**3 - 11*i**2 - 5*i - 1. Let x be c(6). Determine f(x).
-5
Suppose -h + 4 = -2. Let p be (-2)/h - (-13)/3. Let o(x) = x**2 - 3*x - 3. Let f(y) = -y**2 + 3*y + 2. Let k(j) = -3*f(j) - 2*o(j). Calculate k(p).
4
Let u(b) = -3*b**2 + b + 6. Let i(n) = n**3 - 8*n**2 + 2*n - 10. Let x be i(8). Let w(o) = 7*o**2 - 2*o - 13. Let p(s) = x*w(s) + 13*u(s). Determine p(-1).
2
Suppose -17 = 3*v - 11. Let l(i) = i + 2. Give l(v).
0
Let x(w) = 4 + 3*w + w**2 - w**3 + 0*w**3 - 3*w**2. Let z(o) = 3*o - 3 + 3*o**2 - o**3 + o**2 + o - o**2. Let y be z(4). What is x(y)?
4
Let p(u) = -6*u + 22 - 8 + 2*u**2 + u**3 - 17. Give p(-4).
-11
Let g(c) be the second derivative of 2*c**3/3 - c**2 - 2*c. Let k be (1/1)/(2/6). Give g(k).
10
Let k(d) be the first derivative of -d**4/4 - 2*d**3 - 2*d**2 + 6*d + 22. What is k(-5)?
1
Let j(v) = 16 + 2*v - 13 - 5. Let a be 2/(-9) - (-2)/9. Let u be 0 - 1*(-2 + a). Calculate j(u).
2
Let c(t) = t**3 - 6*t**2 + 6*t + 3. Let p(s) = 3*s**3 - 18*s**2 + 18*s + 9. Let x(k) = -7*c(k) + 2*p(k). Suppose -y = -3 - 2. Calculate x(y).
-8
Let d(p) be the first derivative of p**7/840 + p**6/72 + p**4/4 + 7*p**3/3 + 4. Let h(v) be the third derivative of d(v). Suppose 4*m + 5 = 3*m. What is h(m)?
6
Let t(i) = -6*i - 7*i**2 - 4 + 0 + 3*i**3 + 1 - 4*i**3. Let c(d) = 2*d**3 - 11*d + d**3 - 5*d**3 - 5 - 13*d**2. Let u(s) = 4*c(s) - 7*t(s). Calculate u(-3).
7
Let s(l) = -l + 6. Let i(f) = f - 5. Let z(x) = -3*i(x) - 2*s(x). Suppose -3*k = 3*m - 21, m + 6 = 4*k - 12. Determine z(m).
1
Let q(a) = -a**3 - 2*a**2 - 4*a - 3. Let b(k) = -k**3 - k**2 - 4*k - 3. Let x(d) = 3*b(d) - 4*q(d). Let n(c) = -3*c + 2. Let o be n(2). Give x(o).
3
Let t(c) = c**2 + c - 1. Let r = -25 + 36. Let w = 11 - r. Calculate t(w).
-1
Let o(x) be the first derivative of x**3/3 - 3*x**2/2 + 2*x - 34. Give o(3).
2
Suppose 0*b + 9 = -3*v - b, 2*v + 5 = -b. Let k be 0 + (-2 - v/1). Let p(i) = i**3 - 2*i**2 - 3*i + 3. Calculate p(k).
-3
Let j = -123 - -130. Let m(w) = w**3 - 7*w**2 + w + 5. Give m(j).
12
Let f(m) = -m. Let r(s) = s**2 + 6*s + 2. Let c(v) = 4*f(v) + r(v). Give c(-2).
2
Let j(h) = -h + 2. Suppose y = 2 - 3. Let g be y/((-1 - 0)/1). What is j(g)?
1
Suppose x + 2*z + 38 = 3*x, x + 5*z = -11. Let g be (x - 2)/(0 + 1). Suppose -h + 4 = -s, -3*h - 4*s + g = -2*s. Let t(n) = n + 5. Calculate t(h).
9
Let o be 2/(-4) + 567/18. Let l(k) = -41 - 2*k**2 - o - 2*k**3 + k**2 + 73. Calculate l(1).
-2
Let s(k) be the first derivative of -k**2/2 + k - 32. Give s(8).
-7
Let q be (-6)/9*42/4. Let c = q - -10. Let r(i) = 9*i**3 - 3*i**2 + 9*i + 9. Let f(s) = 5*s**3 - 2*s**2 + 5*s + 5. Let t(v) = 11*f(v) - 6*r(v). Calculate t(c).
-5
Let n(z) = -2*z**2 - 6*z + 19. Let c(a) = a**2 + 3*a - 9. Let t(p) = -7*c(p) - 3*n(p). Calculate t(-5).
-4
Let x(a) = -5*a**3 + 20*a**2 - 8*a + 6. Let v(s) = 2*s**3 - 7*s**2 + 3*s - 2. Let k be 6/(3/8*4). Let d(g) = k*x(g) + 11*v(g). What is d(-2)?
-4
Let c(q) be the third derivative of q**6/120 + q**5/10 + q**4/8 - q**3/3 + 14*q**2. What is c(-5)?
8
Let g(o) be the third derivative of -o**6/120 - o**5/12 - o**4/8 + o**3/2 + o**2. Let u(c) = -3*c**2. Let y be u(1). Let j be (y - 0/3)*1. What is g(j)?
-6
Suppose -3*u + 2*u + 4*s = 23, -5*u = -3*s + 47. Let p = 11 + u. Let w(a) = 3*a + 0*a**2 + 2 + 0 - a**2. Determine w(p).
-2
Let y(u) = u**2 + u - 1. Let a(x) = -3*x**2 - 9*x + 1. Let p(l) = -a(l) - 2*y(l). Suppose 0 = 5*s - 5*w + 20, -s - 2*w - 10 = -0*w. Give p(s).
-5
Let m = -15 + 9. Let b(y) be the third derivative of y**4/24 + 8*y**2. Calculate b(m).
-6
Suppose h - 2 = -m - 0*h, 3*m = -5*h + 6. Let x(q) = -5*q + 1 + 0 + 2*q - 4*q**2 + m*q. Suppose 0 = -0*z + 3*z - 3. Give x(z).
-4
Let x(b) = b + 1. Let f(l) = -2. Let i(m) = f(m) + 4*x(m). Determine i(-3).
-10
Suppose 5*y = -2*s + 29, y + y - 16 = -3*s. Let v(r) = -3*r**2 + 5*r + 13. Let p(z) = z**2 - z - 3. Let i(x) = -9*p(x) - 2*v(x). Determine i(s).
-13
Suppose 2*a - o - 4 = 2, 4*a = -3*o + 22. Let q(j) = j - a*j - 2 + 5*j. Suppose -u + 8 = -k, -k - 3*u - 3 + 15 = 0. Calculate q(k).
-8
Let b(w) = 8*w + 1. Let v be 0/(-1 - 0/(-2)). Let p = -1 - v. Let m(r) = r. Let g(f) = p*b(f) + 3*m(f). Determine g(-1).
4
Let o = 44 - 14. Suppose -2*u = -8*u - o. Let c(q) = -q**2 - 4*q + 3. Determine c(u).
-2
Let c(h) = -h**3 - 6*h**2 + 2*h + 4. Suppose -4*y - 18 = 6. What is c(y)?
-8
Let x(g) = g + 7. Suppose -2*u = 1 - 7, h - 3*u = -7. Suppose 2*t = -h*t. Calculate x(t).
7
Let u(h) = -h**2 - h + 4. Suppose 5*j + 1 = 2*t - 5, -3*t + 9 = -2*j. Suppose -t*i = -6*i. What is u(i)?
4
Let i = -3 - -3. Suppose i = 3*d + d. Suppose d*c - 25 = -5*c. Let l(g) = -g + 9. Calculate l(c).
4
Let m be ((-2)/4)/((-2)/12) - 4. Let j(k) = -k. Calculate j(m).
1
Let l(h) be the first derivative of 1/24*h**4 + 0*h - h**2 + 1/2*h**3 + 1. Let g(n) be the second derivative of l(n). Calculate g(3).
6
Suppose -9 - 3 = -4*u. Suppose 0 = g - a - 2, -2*g - u*g + 18 = 3*a. Let o(v) = -v + v**2 - v**3 + 3*v**2 - 1 + g - 2*v. Determine o(4).
-10
Suppose -8*a - 44 = -12*a. Let j(w) = -w**2 + 11*w + 8. Give j(a).
8
Let m(u) be the second derivative of -1/24*u**4 + 1/2*u**2 - 2*u - 1/3*u**3 + 0. Let o(i) be the first derivative of m(i). Give o(2).
-4
Let c(u) be the third derivative of 0 + u**2 - 1/60*u**5 + 0*u + 7/6*u**3 + 1/8*u**4. Give c(5).
-3
Let b(p) be the third derivative of p**6/120 + p**5/15 - p**4/24 + 2*p**3/3 - 10*p**2. Determine b(-4).
8
Let l(b) = -2*b**2 - b**3 + 97 + 2*b**2 - 98. Calculate l(0).
-1
Let k(u) be the second derivative of 1/2*u**2 + 0 + 1/6*u**3 - 2*u. Give k(6).
7
Let b(h) = h**2 - 4*h + 1. Let q(y) = 2*y**2 - 7*y + 3. Suppose 5*o = 4*t + 35, 2*t + 3 = -o - 4. Let w(k) = o*q(k) - 5*b(k). Calculate w(0).
4
Let g(m) = m**3 - 6*m**2 + 11*m - 6. Let b(a) = 2*a**3 - 11*a**2 + 22*a - 11. Let t(q) = 3*b(q) - 7*g(q). What is t(7)?
30
Let q = -2 - -2. Let i(w) = w**2 - 4*w + 4. Let g be i(6). Suppose -5*j - 2*a + 16 = -3*a, q = j + 3*a - g. Let t(u) = -u**2 + 4*u + 2. Determine t(j).
2
Let v(z) be 